e factors of m/2 - (-161)/c?
11
Let x = 3006 + -487. Let s = -1187 + x. What are the prime factors of s?
2, 3, 37
Let y(t) be the first derivative of 5*t**4/4 - 14*t**3/3 - 7*t**2 + 30*t + 62. List the prime factors of y(7).
31
Let f(s) = -7*s - 10 + 4 + 7*s + 3*s**2 + s. What are the prime factors of f(3)?
2, 3
Suppose 148*j - 1167510 = 68*j + 4981770. What are the prime factors of j?
2, 3, 23, 557
Let m = -97 - -79. Let i(b) = b**2 + 19*b + 21. Let g be i(m). Let d(v) = 5*v**2 + 2*v - 9. What are the prime factors of d(g)?
2, 3, 7
Let s(y) = -910*y + 291. What are the prime factors of s(-18)?
3, 5557
Suppose 19906 = n + x, n = -16*x + 20*x + 19921. List the prime factors of n.
43, 463
Let w = -220 - 311. Let r = w + 1097. List the prime factors of r.
2, 283
Let y = -11390 + 13266. List the prime factors of y.
2, 7, 67
Let r(n) = 2*n**2 + n + 1. Let o(z) = -6*z**2 + 5*z - 20. Let v(q) = o(q) + 6*r(q). List the prime factors of v(-6).
2, 17
Let n(z) be the first derivative of 5*z**2 - 66*z + 16. List the prime factors of n(19).
2, 31
Suppose -19 = 5*o - 39. Suppose 379 = 4*a + z, -61 - 233 = -3*a - o*z. List the prime factors of a.
2, 47
Suppose 5*h - 2*q = 15, -3*q - 1 + 10 = 3*h. Let a(w) = -61*w + 25. Let i be a(-5). Suppose -2*s = -h*s - g + 120, -3*s + 3*g = -i. List the prime factors of s.
5, 23
Suppose -68515 = -5*m + 4*p + 245687, 3*m = -3*p + 188532. What are the prime factors of m?
2, 13, 2417
Let p = 36369 - 18196. List the prime factors of p.
17, 1069
Let y = 120 + -120. List the prime factors of (y - -4)*(-1164)/(-16).
3, 97
Let f(g) be the first derivative of 53*g**3/3 + 7*g**2/2 - 12*g + 79. What are the prime factors of f(3)?
2, 3
Suppose 11*k + 30 = -14. Let z be k*(-1)/10 - (-27)/(-5). List the prime factors of 2 - z/(20/696).
2, 11
Suppose -7*v + 226 - 9 = 0. Suppose -28*x = -v*x. Suppose x = 2*o - 93 + 13. List the prime factors of o.
2, 5
Let o(a) = 15*a**2 + 11*a - 48. Let b(j) = -15*j**2 - 11*j + 49. Let v(n) = 2*b(n) + 3*o(n). List the prime factors of v(6).
2, 5, 7
Suppose 3*m - 13 = -226. Let n = -59 - m. Let b(s) = -3*s**2 + 43*s - 29. List the prime factors of b(n).
5, 11
Let j(r) = r**2 + 29*r + 193. Let g be j(-20). What are the prime factors of (-2)/(-20) + g/(-130) + 1532?
2, 383
Let l be 9 + 0 + -37 + 96/24. Suppose 3*g = 2*g - 120. Let p = l - g. List the prime factors of p.
2, 3
Let l = 83116 - 14812. List the prime factors of l.
2, 3, 1423
Let x = -1384 + -734. Let j = -1497 - x. What are the prime factors of j?
3, 23
Suppose -2*l + 16*i - 18*i = -44166, 3*i = 3. List the prime factors of l.
2, 61, 181
Let y(b) = b**2 - 2*b + 1. Let n(g) = 4*g**2 + 18*g + 105. Let r(i) = -n(i) + 6*y(i). What are the prime factors of r(24)?
3, 37
Let c(f) = f**3 + 7*f**2 - 12*f - 30. Let a be c(-8). Suppose a*i + 3080 = 16*i. What are the prime factors of i?
2, 5, 11
Let a(z) = -z**3 - 6*z**2 + z - 2. Let b be a(-5). Let d = 92 + b. Suppose o + 5*w - 40 = 0, -4*w + 3*w + d = o. List the prime factors of o.
5, 13
Let m = -33958 + 57633. List the prime factors of m.
5, 947
Let x(o) = 216*o**2 + 11*o - 3. Let k be x(9). Suppose -k = -49*m + 25*m. What are the prime factors of m?
733
Let f be (-1)/((10/(-15))/((-6)/9)). Let z be -3 - -4 - ((-2 - f) + -2). Suppose z*k - m = -2*m + 910, -2*k - m + 454 = 0. What are the prime factors of k?
2, 3, 19
Suppose 0 = 14*d + 260 - 71128. Let c = d + -3333. What are the prime factors of c?
7, 13, 19
Suppose -5*b = g - 19364, -8*b = g - 13*b - 19354. What are the prime factors of g?
3, 239
Let y(p) = -p**3 - 7*p**2 - 66*p + 10. Let j be y(-6). Let r = j - -351. What are the prime factors of r?
7, 103
Let n be (-108)/81 - ((-9937)/3 + 0). Suppose n = 5*f + 2*f. What are the prime factors of f?
11, 43
Suppose -5*v - 27 + 3 = -3*r, -2*v + 5*r = 21. Let w be 4 - ((-6)/v - 4). Suppose 0 = -4*c - 5*b + 480, -444 = -4*c - 2*b + w*b. List the prime factors of c.
5, 23
Let x(y) = y**2 - 16*y - 31. Suppose 24 = 4*o - 48. Let a be x(o). Suppose -n = 2, -a*p + 4*n = -185 - 88. What are the prime factors of p?
53
Let k = 908 - 317. Let t = k + -26. What are the prime factors of t?
5, 113
Suppose 0 = 15*i - 12*i + 9, -3*i - 16039 = -2*d. What are the prime factors of d?
5, 7, 229
Suppose 0 = 3*m + g - 10519, 4*m + 11*g = 7*g + 14012. Let l = m + -1759. What are the prime factors of l?
3, 11, 53
List the prime factors of (2633 - 165/11) + (1 - -2).
2621
Suppose 78439*m - 78415*m - 122736 = 0. What are the prime factors of m?
2, 2557
Let u = 17863 + 10281. What are the prime factors of u?
2, 1759
Let r(n) = -5*n**2 + 8*n**2 + 9*n - 4 - 15. What are the prime factors of r(4)?
5, 13
Suppose 6*u - 88*u + 1336874 = 231022. What are the prime factors of u?
2, 11, 613
List the prime factors of (-517359)/(-31) - (-30)/(-5).
3, 67, 83
Let u be ((-24)/(-9) - 1)/((-1)/(-168)). Suppose -10*t = 4*r - 6*t - u, 5*r - t - 356 = 0. What are the prime factors of r?
71
Let o = 4165 - 2423. List the prime factors of o.
2, 13, 67
Suppose 0 = 89*b + 2502904 - 6927521 - 3978407. List the prime factors of b.
2, 3, 7, 281
Let a = -404 + 3250. What are the prime factors of a?
2, 1423
Suppose 21*f - 25*f + 206546 = -2*v, 3*f = -2*v + 154920. List the prime factors of f.
2, 25819
Let c = 926 + -2158. Let j = c - -2082. What are the prime factors of j?
2, 5, 17
Let d(u) = 26*u**3 - 6*u**2 + 28*u - 43. What are the prime factors of d(7)?
67, 131
Suppose -24*m + 867759 = 16*m - 1780761. List the prime factors of m.
3, 7, 1051
Let q(s) = 70*s**2 - 5*s + 6. Let v = -55 - -52. What are the prime factors of q(v)?
3, 7, 31
Let x(v) = v**3 + 33*v**2 + 5*v - 95. Let t be x(-33). Let j(q) = -q**3 - 8*q**2 - 4*q - 3. Let n be j(-4). Let c = n - t. What are the prime factors of c?
11, 19
Let j(l) = l**3 - 2*l**2 + 5. Suppose -3*w = 2*u - 68, -12 = -u + 4*w + 11. Suppose -5*y - 2*d = -0*y - u, -y + d = -2. What are the prime factors of j(y)?
2, 5
Let p be ((-526)/(-5))/2 + 20/50. Suppose -2*r = -5*m + 59, 9*m - p = 4*m + 4*r. Suppose m = 5*t - 4*s, -t - s = 4*t - 28. List the prime factors of t.
5
Let x = 24376 + -6423. What are the prime factors of x?
13, 1381
Let p(x) = 4*x**2 + x - 44. Let n be p(10). Let b = 714 - n. What are the prime factors of b?
2, 3, 29
Let a be 1 + (0 - -3) + -8. List the prime factors of 3/a - (-3612)/16.
3, 5
Suppose -3*i - 2*f = -0 - 1, 0 = 5*i - 5*f + 15. Let h be (i - -7)*(1 + 3). What are the prime factors of (12/h)/((-2)/(-44))?
11
Suppose -5*c = 4*h - 400, -h - 8 = -3. Suppose k + 4*p - 290 = c, 4*p + 1990 = 5*k. Suppose -k + 64 = -3*a. List the prime factors of a.
2, 5, 11
Let m = 50 + -64. List the prime factors of (0 - -178)/((-7)/m).
2, 89
List the prime factors of ((-65)/156 + (-4)/48)*-8278.
4139
Let j = 19 - 13. Suppose j = -5*o + 31. Suppose -i + o = -2*i + 5*p, -4*p = 4*i - 28. List the prime factors of i.
5
Let x = -82 + 117. Suppose 0 = f + x + 15. What are the prime factors of (1020/f)/(2/(-5))?
3, 17
Suppose 0 = -66*t - 28*t + 138932. What are the prime factors of t?
2, 739
What are the prime factors of (-13512)/4*-1 + (21 + 1 - 15)?
5, 677
Let m = -1734 - -2168. List the prime factors of m.
2, 7, 31
Suppose -32 = -1938*n + 1930*n. Suppose -2*s + 1259 = 4*z - 4633, 3*s + 5892 = n*z. List the prime factors of z.
3, 491
Suppose 2*s - n = -4*n - 46, 4*s + 88 = -4*n. Let m = 23 + s. List the prime factors of 5/30*m + 181/2.
7, 13
Let d = -28 + 32. Suppose -j + 25 = 5*q, 5 + 1 = d*q - 2*j. Suppose q*g = 6 + 10. List the prime factors of g.
2
Suppose -34*o + 33*o = -50. What are the prime factors of (-40)/o*(0 + -45)?
2, 3
Let z = 749 - 341. Suppose -b + 0*b = -2*l - 100, 0 = -4*b + 4*l + z. Let v = b + 36. What are the prime factors of v?
2, 5, 7
Suppose -33*k + 4280136 = 195*k - 1593828. What are the prime factors of k?
25763
Suppose -12*u + 300 = -0*u. Suppose 4*m = -2*d + 28, -5*m + 25 = d - 13. Let j = u - m. List the prime factors of j.
17
Let u be -1*-1*(-3 + 61). Suppose u*n + 924 = 60*n. What are the prime factors of n?
2, 3, 7, 11
Suppose -10 = v - 8, 2*v - 960 = 4*l. Let i = -56 - l. List the prime factors of i.
5, 37
Let m(p) = -p**3 + 10*p**2 + 12*p - 16. Let y be m(11). Let v be 492/((-261)/(-144) - 2). List the prime factors of v/(-40) - (2/y - 0).
2, 3, 11
Let j(i) = -2*i**3 + 2*i**2 + 